) = -7*p(v) + 3*w(v). Determine u(-6).
1
Let a(b) = 48 - 17 - 6 + 2*b. Calculate a(-10).
5
Let g(j) = 3*j**3 - 13*j**2 + 5*j + 3. Let q(i) = -7*i**3 + 28*i**2 - 9*i - 7. Let f(h) = 5*g(h) + 2*q(h). Calculate f(8).
-7
Let y(v) = 4*v - 9. Suppose x - 4 = -10. Let q(g) = 5*g - 10. Let w(r) = x*y(r) + 5*q(r). What is w(0)?
4
Let s(m) = 8*m - 2. Let z(g) = g**3 + 6*g**2 - 2*g + 2. Let b be z(-6). Let o = b + -9. Let k be -1 - -2 - (-5)/o. What is s(k)?
14
Let h(f) = -2 + 1 + 3 - 4*f. Let w = -26 - -25. Let o be 4 + w*(10 + -4). What is h(o)?
10
Let p(b) = 2*b - 2. Let k(z) = -8*z**2 + 19*z - 3. Let j be k(2). What is p(j)?
4
Let d be (-20)/(-6)*(-18)/(-15). Let l(i) be the third derivative of i**4/12 - i**3/3 - 9*i**2 - 2. Determine l(d).
6
Suppose 4*g + 0 - 8 = 0. Let f be 30/42 - g/(-7). Let b(u) = 6*u**3 - u**2 + u. What is b(f)?
6
Suppose -19 + 27 = 4*y. Let b(l) = 0*l**2 + 2*l**2 + 0*l**3 - l**3 - 8*l**2 - y - l. What is b(-6)?
4
Let b(f) = -f**3 - 3*f**2 + 2. Let n be (-2 - (-1 - -1))*-1. Let y(z) = -2*z**3 + 5*z**3 - 4 + 0*z**n + 2*z**2 + 4*z**2. Let c(x) = 5*b(x) + 2*y(x). Give c(-2).
-18
Let s be (-2)/(-6) - 255/9. Let m = 34 + s. Let c(z) = 2 - 5*z - 5*z**2 + z**3 - 7 + 2*z. What is c(m)?
13
Let o(h) = 15*h. Let z(x) = 32*x + 8. Let y(j) = -2*o(j) + z(j). What is y(4)?
16
Let o be 3127/4 + 9/36. Let q(t) = -o - t - t + 785. What is q(7)?
-11
Suppose 0 = -3*f + 3*w + 12, -5*f - 2*w = 3*w - 20. Let t be 6 - f*(-3 + 4). Let p(j) = -3*j - 7 + 5*j - 4*j + t. Determine p(-6).
7
Let w(q) be the first derivative of 1/2*q**2 + 8*q - 11. Let k(h) = 2*h + 8. Let t(y) = 3*k(y) - 4*w(y). Calculate t(7).
6
Let h(d) = -9*d**3 - 2*d**2 + d. Let k be 24/32 + 18/8. Suppose -3*o = -6*o + k. Give h(o).
-10
Let g(r) = -4 + 22 + r**3 + r + 15*r**2 + 2*r - 2*r. Let v be g(-15). Let p(q) = q. Give p(v).
3
Suppose -1 = i + 2*v, -3*i - 16*v + 3 = -12*v. Let w(m) = -m + 5. Let o(f) = -f + 9. Let p(r) = -2*o(r) + 5*w(r). What is p(i)?
-8
Let r(n) be the third derivative of -n**5/30 + n**4/24 + n**3/3 - 98*n**2. What is r(-3)?
-19
Suppose -44 - 451 = 55*c. Let b(a) = a + 23. What is b(c)?
14
Let f(s) = s**3 - s**2 - 2227*s + 4455*s - 1 - 2231*s. Determine f(2).
-3
Let v = -40 - -45. Let n(i) = i**3 + 4*i + 2*i**2 + v*i**2 - i - 2*i**2 + 2. Give n(-4).
6
Let k(j) = -j**3 + 10*j**2 + 11*j. Let h = 202 + -191. What is k(h)?
0
Let c(r) = -r**3 - 10*r**2 - 5*r + 2. Let a = -330 - -321. Calculate c(a).
-34
Suppose -5*o - 31 = 2*a, 3*a + 32 = -a - 4*o. Let j(d) be the second derivative of -d**3/2 - 3*d**2/2 - 50*d. Give j(a).
6
Let j(a) = 2*a + 6. Let p(n) = 102*n - 608. Let o be p(6). What is j(o)?
14
Suppose -61*a + 44*a = 0. Let w(l) = l**2 - l - 3. Determine w(a).
-3
Suppose -2*o - 5 = -7*o. Let s(f) = -10 + 10 - f - o - 6. Give s(-3).
-4
Let v(b) be the first derivative of -b**3 + 9*b - 10. Let q(r) be the first derivative of v(r). Suppose -2*f = -2*k - 4*f + 8, 0 = -4*k - f + 7. Determine q(k).
-6
Suppose 2*l - 480 - 780 = -2*k, 3*k + 4*l - 1890 = 0. Let z(t) = -k + 7*t + t**2 + t**3 + 631 + 6*t**2. Determine z(-6).
-5
Let a(z) = z**2 - 6*z + 10. Let y be a(3). Let l(n) = 8*n + 1. Let p(h) = 31*h + 5. Let o(g) = 9*l(g) - 2*p(g). What is o(y)?
9
Let s(g) = g**3 - g + 1. Suppose -2*m + 15 = -2*d + 21, -4*d = -2*m - 12. What is s(m)?
1
Suppose -3*y - 5*c - 37 = -3*c, -2*y = -3*c + 16. Let w(q) = -q**3 - 12*q**2 - 9*q + 25. Calculate w(y).
3
Let f = -6 - -9. Let s(t) = -7 + 4 + t + f. Let m = -17 - -11. Give s(m).
-6
Let y = -10 + 10. Suppose -2*i + 2*p = y, -3*i + 8*i = 2*p + 6. Let u(n) = 3*n + 0 + 0*n + 1 - i*n. Give u(-4).
-3
Let z(k) = -k**2 - 66*k - 1. Let q(m) = -m**2 - 165*m - 2. Let o(l) = -2*q(l) + 5*z(l). Let u = 0 - 1. Calculate o(u).
-4
Let u(j) = -j**2 - 5*j - 1. Suppose 6*o = 5*o - 5. Calculate u(o).
-1
Let k be 27/(-18)*2/(-1). Suppose 7*c - 3*c - 1 = -k*l, -l + 7 = 3*c. Let t(s) = s**3 - 5*s**2 + 2*s + 4. What is t(c)?
-4
Let k(x) = x**3 + 4*x**2 - 2*x + 12. Let h(o) = -o**2 - 30*o - 130. Let t be h(-25). Determine k(t).
-3
Let x(g) = 0 + 3*g - 5 + 20 + 27. Let h be x(-16). Let m(a) = a**2 + 4*a + 4. Determine m(h).
16
Let l be 4/22 - (-156)/(-858). Let s(m) = -m**2 + 23. What is s(l)?
23
Let n(w) = -1 - 3 + 8 + 4*w. Suppose -r - 2*r + 2*i + 1 = 0, 3*i + 12 = r. What is n(r)?
-8
Suppose -11*h = 10*h + 42. Let j(g) = -g - 2. Calculate j(h).
0
Let n(i) = -2 + 6*i + 20*i**2 + i**3 + 3 - 6*i**2 + 6*i. Calculate n(-13).
14
Let z(m) = -22 - m**2 - 27 + 3*m + 48. Give z(4).
-5
Let d(n) = 4*n**2 + 4*n + 4. Let m(u) = u + 1. Let k(y) = d(y) - 4*m(y). Suppose 7 = -4*r + 2*f + 3*f, 0 = 4*r + 5*f - 23. What is k(r)?
16
Let c = -9 + 14. Let h(x) be the third derivative of 0 - 2*x - 3*x**2 - 5/6*x**3 - 1/120*x**6 + 7/24*x**4 + 1/15*x**5. Calculate h(c).
5
Suppose c = -7*c + 16. Suppose -3*o + 12 = -3*y - 4*o, 2*y - c = -4*o. Let b(x) = -x**2 - 5*x + 7. Calculate b(y).
7
Let l(t) = t + 1. Let a = 10 - 8. Suppose -6*o - 5 = -o - 5*b, -b - a = -2*o. Suppose -4*n = -2*k, -5*k - 2*n = o + 9. Give l(k).
-1
Suppose 0 = -5*u + o + 3*o - 57, -3*u - 24 = o. Let z be 4/6*u/3. Let j(d) = -12*d**3 + d + 22*d**3 - 11*d**3. What is j(z)?
6
Let f(d) = 3*d**2 - d + 1. Suppose -3*i = -2*s - 10, -5*i - 2*s = 3*s - 25. Suppose -8 + 0 = -i*w. Let z be (-3 + 1)/(-1*w). Calculate f(z).
3
Let j be ((-12)/3 - 0) + 17. Let n(v) = 3*v - 5*v + j - 2. Determine n(9).
-7
Let q be 3*(-3)/9 - -2. Let r(x) = 2 + x - q - 2*x - 2. What is r(-7)?
6
Let l(t) = 6*t**2 - 6*t - 2 - 29*t**2 + t**2 + 11*t**2 + 10*t**2. Let d = 3 + -2. Let w be (6/d + -2)/(-1). Give l(w).
6
Let r(d) = -d**3 + 4*d**2 + 6*d + 1. Let b = -22 - -12. Let g be 16/40 - 46/b. What is r(g)?
6
Let g = 89 + -11. Let r be g/(-18) - 1/(-3). Let s(p) = -p**3 - 5*p**2 + 1. Determine s(r).
-15
Let g = -1 - 1. Let p be 1/2 - ((-275)/(-2))/(-11). Let x(s) = p*s + 13*s - 3 - 28*s. What is x(g)?
1
Suppose 18 = 7*g - 38. Suppose g*w - 23 = 1. Let i(k) = -2*k**2 - k - 1. What is i(w)?
-22
Suppose 2*l + 7*f - 2*f = 21, 0 = -5*l - 3*f + 5. Suppose -v + 8 = -0*v. Let d(j) = 1 + v*j + 2*j - 16*j. Calculate d(l).
13
Let c(a) = -a**3 + 10*a**2 - 7*a - 13. Suppose -2 = -2*b, -4*u + 5*b + 21 + 10 = 0. Give c(u).
5
Let n(c) be the second derivative of -c**4/24 - c**2 - 5*c. Let u(f) be the first derivative of n(f). What is u(3)?
-3
Let g(y) = -5*y + 9. Let s be 8 + (-29)/((-232)/(-144)). Calculate g(s).
59
Let u(t) be the third derivative of -t**5/60 + t**4/8 + t**3/6 - 40*t**2. Suppose -2 + 0 = k. What is u(k)?
-9
Let q be 50/30 - 4/6. Let m be (3 - q - 1)/(-1). Let x = m - -7. Let g(t) = -t + 7. What is g(x)?
1
Let j(y) = -y**3 + y**2 - 3*y + 3. Suppose i = s + 2*i - 6, -2*s - 8 = -3*i. Calculate j(s).
-7
Suppose 3*n + 2*a - 26 = -n, -3*n = -a - 22. Let x(z) = 15 - z + 3*z - 18. What is x(n)?
11
Let z(b) = -6*b - 6. Suppose 5*s = 5*h - 3*h - 10, -5*s = 3*h + 35. Determine z(h).
24
Let b(l) = l - 6. Let g be b(0). Suppose 23*f - 19*f = 32. Let s(v) = -f*v**2 - 4*v + 1 - 9*v**2 + 18*v**2 + 9*v. Determine s(g).
7
Let g(v) = -2. Let y(s) = s**2 - 6*s + 12. Let b(a) = -5*g(a) - y(a). What is b(8)?
-18
Let o = -639 - -628. Let i(t) = -3*t - 24. Determine i(o).
9
Let t(b) = -3*b + 11. Let n(p) = 5*p**3 - 6*p**2 + 8*p + 1. Let d be n(1). Give t(d).
-13
Suppose 0 = -d, 7 = -t - 4*d + 6. Suppose 4*v - 22 = -3*p, 2*p - 16 = v - 4*v. Let n(w) = 3*w**3 + 3*w**2 - w**3 + 3*w**3 - 2*w**p. Give n(t).
-4
Let z(v) be the second derivative of 11*v**5/20 + v**3/6 - v**2/2 - 2*v + 12. Determine z(1).
11
Suppose 0 = 5*r - 2*v - 14, -1 - 7 = -3*r + v. Let t be 6/(-3) - (-34)/r. Suppose -3*x = -4*i + 3 - t, 3*i + 9 = -4*x. Let c(l) = -3*l - 4. Calculate c(i).
5
Let z(b) = -2*b - 4. Let h be z(-5). Let c = -100 - -100. Let y be (2 - c) + 18/h. Let v(n) = -n**2 + 8*n - 6. Calculate v(y).
9
Let h(t) = t + 2. Suppose -4*f - 5*l - 20 = -9*f, 12 = 3*f - 2*l. Determine h(f).
6
Let k = 5 + -8. Let s(v) = 3*v. Let h(o) = 2*o + 1. Let z(x) = h(x) - s(x). What is z(k)?
4
Let p(c) be the first derivative of -c**4/2 + c**2/2 + 3. Let k be p(-1). Suppose -2 + k = v. Let u(z) = -2*z**2 + z. Give u(v).
-3
Let g(o) = o**2 - 3*o - 4. Let m = -18 - -25. Suppose -4*p + 2*k - m*k = -26, -3*k = 3*p - 18. Determine g(p).
0
Let r(w) = -3*w + 6. Suppose -45 = 3*q - 12*q. What is r(q)?
-9
Let k(n) = 